What is the units digit of w?
7
Suppose -v + 21 - 2 = 0. What is the tens digit of v?
1
Suppose -4*g - 4*t = -g - 283, -166 = -2*g + 3*t. What is the units digit of g?
9
What is the units digit of 4/8 + (-109)/(-2)?
5
Suppose 0 = -4*a - 2*o - 8, -5*a = -4*o + 6*o + 10. Let y = a - -10. What is the units digit of y?
8
Suppose -6 = -3*d, -3*a + 0*d = 2*d - 163. What is the units digit of a?
3
Let n(b) = b**2 - 7*b - 9. What is the tens digit of n(10)?
2
Let h be (-1)/(-2) + 2/(-4). Suppose 3*b = -h*b - 24. What is the units digit of 3*(2 + b/6)?
2
Suppose 3*h - 13*h + 120 = 0. What is the tens digit of h?
1
Suppose 3*s - 298 = 2*m, 5*s - 459 - 40 = m. What is the units digit of s?
0
Let r(l) = -l**3 + 12*l**2 - 12*l + 24. What is the units digit of r(11)?
3
Suppose -3*v - v = -4*p + 12, 3*v + p - 7 = 0. What is the units digit of v?
1
Let v be -7*((-12)/(-7) - 0). What is the units digit of 6/(v/(-10) - 1)?
0
What is the tens digit of -6*((-13)/52 - 17/12)?
1
Let b = -1 - -20. What is the tens digit of b?
1
Let w(n) = n**3 + 2*n**2 - 3*n - 4. Let a be w(3). Suppose -k = k - a. What is the units digit of k?
6
What is the tens digit of ((-4)/(-6))/((-2815)/939 + 3)?
1
Let u(n) = -4*n - 2. Let z be u(5). What is the units digit of -2 + 3 + -3 - z?
0
Let w be (-2 - -2)/((-6)/(-3)). Suppose w*t = -t + 24. What is the units digit of t?
4
Let q(a) = -a**3 - 2*a**2 - a + 1. Let s be q(-2). Let j = s + 20. Let t = -12 + j. What is the tens digit of t?
1
Suppose 34 = h - 6. Suppose 5*s + 0*s - h = 0. What is the units digit of s?
8
Let f = 83 - 17. What is the units digit of f?
6
Suppose 5*c - 34 = 16. Let a = c + 25. What is the tens digit of a?
3
Let c = 12 + -11. Suppose 0 = 2*l + 4*k + 10 - 2, -2 = -2*l - 2*k. Let p = l - c. What is the units digit of p?
5
Suppose -2*x = -3*x + 33. What is the units digit of x?
3
Let u(v) = -v + 6. Let f be u(0). Let s be 2/(-6) + 38/f. Suppose -30 = p - s*p. What is the units digit of p?
6
What is the hundreds digit of (-5 + 3)/(-2) - (-106 - 1)?
1
Let l(z) = z - 2. Let n be l(4). Suppose n*y - 132 = -y. What is the units digit of y?
4
Let s(u) = u**2 + 2*u + 3. Let r be s(-3). Suppose -r*p + p = -55. Suppose 3*z + p = 32. What is the units digit of z?
7
Suppose 5*p - 1924 = 2*o, 0 = -p + 5*p - 2*o - 1540. What is the hundreds digit of p?
3
Suppose 11*x - 2392 = -2*x. What is the tens digit of x?
8
Suppose -199 = -s - v, 2*s - 680 = 5*v - 254. What is the tens digit of s?
0
Let z = 75 - 53. What is the units digit of z?
2
Let u(p) = -p**3 - 4*p**2 + 4*p - 5. Let q be u(-5). Suppose -m - m - 14 = q. Let n = 22 + m. What is the tens digit of n?
1
Suppose h - 8 = g, -h + 0*g = 3*g + 4. Let x(f) = -h + 2*f - 7 - 1 + 5. What is the units digit of x(8)?
8
Suppose 0 = 5*w - 0*w. Suppose 2*q = -w*q + 6. Suppose 3 = -2*x + q*x. What is the units digit of x?
3
Let o(v) = -v + 5 - 4 + 0. Let p be 3/12 + 1/(-4). What is the units digit of o(p)?
1
Suppose u - 45 = -4*p, -5*p + 0*u = 5*u - 45. Suppose p = -3*x + 3*f, -4*f + 4 = -2*x - 10. Let k = 2 + x. What is the units digit of k?
1
Let w = -4 - -10. Suppose a - w = -a. Suppose 3 + 8 = 2*g + a*x, -2*g + 19 = -5*x. What is the units digit of g?
7
Let k(b) = b**3 + 8*b**2 - 2*b + 9. Let i be k(-8). Let v = -12 + i. What is the units digit of v?
3
Suppose 0*w - 30 = -5*w. Suppose s - 30 = -5*d + w*s, -4*d + 5*s = -27. What is the units digit of (-12)/(-10)*20/d?
8
Suppose -2*v - 4 = 8. Let g(a) = -a**3 - 10*a**2 - 2*a + 5. Let o(c) = c**2 - 1. Let m(z) = v*o(z) - g(z). What is the units digit of m(-3)?
4
Let g be -1 + 3 + (-6 - -6). Suppose 0 = -5*o + 3*i + g*i + 85, -o - 2*i = -14. What is the units digit of o?
6
Let k be -1*10*1 + 1. Let a(u) be the third derivative of u**4/24 + 19*u**3/6 - 7*u**2. What is the tens digit of a(k)?
1
Suppose 0 = u - 4*u. Suppose u = l + 4*o + 13 - 33, 4*l = 5*o + 59. What is the tens digit of l?
1
Let s(u) = 7*u + 3. Let y(m) = 20*m + 8. Let k(b) = -11*s(b) + 4*y(b). What is the tens digit of k(5)?
1
Let s(d) = -5 - 11*d - 4*d**3 + 4*d**2 + 3*d**3 - 5 - 13*d**2. What is the tens digit of s(-8)?
1
Suppose -u = 2*l - 18, -2*l = -0*u - 3*u - 2. Suppose l + 45 = 4*i. What is the tens digit of i?
1
Let h be (6 - 2)/(1/(-2)). Let u = h + 22. What is the tens digit of u?
1
Let f be (-5)/((-5)/(-2)) + -4. Let b(t) = -t**3 - 5*t**2 + 5*t - 5. Let r be b(f). Let n(v) = 7*v**3 + 1. What is the units digit of n(r)?
8
Let y(f) = f**3 + 10*f**2 + 8*f - 4. Let j = 1 - -2. Suppose j*z - 28 = 4*s - z, -s - z - 11 = 0. What is the units digit of y(s)?
5
Suppose 0 = 4*u + u, 2*u + 4 = -2*f. What is the tens digit of (-12)/(-3 - f)*1?
1
Let c be (1/3)/((-2)/(-6)). Suppose -c = 4*b - 3*b. Let u = b - -2. What is the units digit of u?
1
Let v(g) = -28*g. What is the tens digit of v(-3)?
8
Let k(o) = 3*o**2 - 2*o + 1. Let d be k(1). Let c = 3 + d. Suppose 0*p + c*p + 4*s - 47 = 0, -2*p + 3*s + 28 = 0. What is the tens digit of p?
1
Let t = -27 + 31. What is the units digit of ((-12)/(-10))/(t/30)?
9
Let f = 1 + 4. Suppose f*y = -596 - 424. What is the units digit of (-4)/(-14) + y/(-21)?
0
Let r be 20*(1 + (-1)/2). Let m = 16 - r. Let y = 6 + m. What is the tens digit of y?
1
Let h be (3 + -1)/(4/32). Suppose 0 = 2*q - q - h. Suppose 4*v = 2*v + q. What is the units digit of v?
8
Suppose 0 = 24*q - 17*q - 420. What is the tens digit of q?
6
Let d = -91 + 54. Let s = -20 - d. What is the tens digit of s?
1
Let s(h) = -h**2 + 4*h + 3. Let f be s(4). Suppose 3*b + 2*j = 90, -2*b + f*b = -j + 30. What is the units digit of b?
0
What is the tens digit of 1*-29*(28 + -37)?
6
Let c(p) = 4*p**2 - 1. What is the units digit of c(-1)?
3
Let c(h) = -9*h + 2. Let f(p) = 2*p + 5. Let b(l) = -l - 6. Let x(z) = 6*b(z) + 7*f(z). Let a(u) = 2*c(u) + 3*x(u). What is the units digit of a(1)?
7
Let r = 69 + 41. Suppose r + 240 = 7*q. What is the units digit of q?
0
What is the units digit of 0 + (-3)/1 - -1*47?
4
Suppose -6 - 29 = -5*n. What is the units digit of n?
7
Let r = 59 - 26. What is the tens digit of r?
3
Let s(x) = 2*x**2 + 10*x + 16. What is the units digit of s(-6)?
8
Let f(r) = -r**2 - 7*r + 4. Let o be f(-7). Let q(j) = -j**3 + 3*j**2 + 6*j - 6. What is the units digit of q(o)?
2
Suppose 0 = -f + 7 + 15. Suppose -h - 101 = -5*q + f, -45 = -2*q - h. What is the units digit of q?
4
Suppose -o = -2*h + 48, 0 = -o - 3*h - 15 - 13. Let a = 60 + o. What is the tens digit of a?
2
Let f(y) = 22*y. What is the units digit of f(1)?
2
Let j(f) = -f**3 + 7*f**2 + 2*f + 1. What is the units digit of j(6)?
9
Suppose -12 = -2*q + 16. Let r = 34 - q. What is the units digit of r?
0
Let q(x) = 13*x - 81. What is the tens digit of q(17)?
4
Suppose -2*m = 3*g - 44, 0*g = g + 5*m - 32. Suppose -a - 2 = g. What is the units digit of 10/14 - 4/a?
1
Let x(b) = 3*b**3 + 2*b - 1. Let z be x(2). Suppose -2*k = -5*m + z, 5*m + 37 = -2*k - 0*k. What is the units digit of (1/(-2))/(1/k)?
8
Let a be ((-9)/(-6))/(3/4). Suppose -33 = -a*w - w. What is the units digit of w?
1
Suppose 3 + 13 = -2*l. Let d(j) = j + 4 + 6 + 0*j. What is the units digit of d(l)?
2
Suppose 3*a - 7*a + 2*z + 16 = 0, 2*a - 8 = 2*z. Suppose -146 = -3*s - a*b, b = -s + 28 + 20. What is the units digit of s?
6
Let h = -48 - -92. What is the units digit of h?
4
Let h(u) = -u + 10. Let i = 13 + -5. Let o be h(i). What is the units digit of (o/4)/((-2)/(-28))?
7
Let b be 52/(-1 - (-2 - 1)). Let f = b + -13. What is the tens digit of f?
1
Let m(v) = -v**3 + 8*v**2 + v - 3. Let t be m(8). Let p(r) = -r**3 + 6*r**2 - 4*r + 2. What is the units digit of p(t)?
7
Suppose a + 4*z = -6, 5*a - 2*z + 5*z - 4 = 0. Suppose a = 2*c - 20. What is the tens digit of c?
1
What is the units digit of 1760/128 + (-1)/4*-1?
4
Let q(o) = -o**3 - 8*o**2 + 15*o + 13. What is the tens digit of q(-10)?
6
Let m(x) = x**3 + 7*x**2 - 9*x - 5. Let k be m(-8). Let i = k - -2. What is the units digit of i?
5
Suppose 6*l - 4*l + 2 = 0. Suppose 4*v = -5*w - 27, -2*w - 4 = 4*v + 2. Let g = l - w. What is the units digit of g?
6
Let m(w) = w**3 + 4*w**2 - w. What is the tens digit of m(-2)?
1
Suppose 5*t + 2*o = 24, 0 = -3*t - o - 1 + 15. Suppose -w - v + 7 = 1, 2 = 2*w + t*v. What is the tens digit of w?
1
What is the units digit of 3/(-5) - (-14454)/90?
0
Let w(l) =